 43 = 6*q - q - 2*h. Let p = q + r. List the prime factors of p.
2
Let z(l) = -3 + 5 + l**3 - 7*l**2 + 6*l - 4*l - 3. List the prime factors of z(7).
13
Suppose -t - 4*q = -26, -t + 3*t - 4*q - 16 = 0. List the prime factors of t.
2, 7
Let d(t) = t**2 - 10*t + 13. Let q be d(9). Suppose 3*f + f = 12, 3*p + f - 36 = 0. Let b = p + q. What are the prime factors of b?
3, 5
Let c(r) be the third derivative of 0 + 1/6*r**5 + 0*r - 1/120*r**6 + 0*r**3 - r**2 - 1/3*r**4. List the prime factors of c(9).
3
Suppose -o = 3*z - 4*o - 96, 2*z - 62 = 4*o. List the prime factors of z.
3, 11
Let y(w) = -3*w - 5. Let q be y(-4). Let s = q - -28. What are the prime factors of s?
5, 7
Suppose 0 = -3*s - 109 + 385. List the prime factors of s.
2, 23
Suppose 3*p - 39 = -0*p. List the prime factors of p.
13
What are the prime factors of (7 - 12)*(89 + -3)/(-1)?
2, 5, 43
Let x(w) = -19*w**3 + w. List the prime factors of x(-1).
2, 3
Let m(i) = -2*i**3 + 1 + i**3 + 3*i**2 + 2*i**2. Let h be m(5). What are the prime factors of (2 - h) + (1 - 0)?
2
Let x(z) = 3*z**3 + z**2 - 2*z + 1. Let o be x(1). Let u(g) = 2*g**2 - 5*g + 3. Let c be u(o). Let k = c + 2. What are the prime factors of k?
2
Let y be 1*(3 + -1)/2. Let w = y - -2. List the prime factors of w.
3
Let g(k) = k**3 + 8*k**2 + 6*k - 5. Let f be g(-7). Let p be (48/(-40))/(f/(-20)). Let r = p - 1. List the prime factors of r.
11
What are the prime factors of 222/9 + (-4)/6?
2, 3
Let y be 31 + (0 - 1 - 0). Suppose 0*m = 5*m - y. List the prime factors of m.
2, 3
Let r(v) = -v**2 - 10*v - 5. Let w be r(-9). Let z = 4 - w. Suppose z = 5*c - 18 - 22. What are the prime factors of c?
2
Let w be 4/(1 + (-27)/21). Let z = w + 32. Suppose 0 = -4*f + 5*h + 6 - z, -2*f + h = 0. List the prime factors of f.
2
Let i be ((-16)/(-10))/(6/(-60)). Let t be (-68)/i - (-1)/(-4). Suppose t*f - 6 = f. What are the prime factors of f?
2
List the prime factors of -9 + 298 + (3 - 3)/1.
17
Suppose -4*h - h + 20 = 0. Suppose -h*s - k + 56 = -s, -4*s + 88 = -2*k. List the prime factors of s.
2, 5
Suppose 14 + 0 = g + 5*p, 0 = 3*g + p - 14. Suppose -g*o + 42 = -o. List the prime factors of o.
2, 7
Suppose 4*r = v - 3, -3*v + 7*v = -2*r - 6. Let z be 3*-1*4*r. Suppose -31 = -3*l - 0*p + p, -l + 2*p + z = 0. List the prime factors of l.
2, 5
Let a(s) = -s**2 + 1. Let z(d) = -d**2 + 2*d + 4. Let i(l) = -2*a(l) + z(l). Let q be i(-2). Suppose q*f + 3 = 7. List the prime factors of f.
2
Let g(v) = v - 5. Let q be g(10). Let p be -1 - (2 + -1*3). Suppose p*s - 25 = -q*s. What are the prime factors of s?
5
Let b = 131 + -52. What are the prime factors of b?
79
Suppose -2*v - h = 0, -2*v - 24 = -3*h - 2*h. Let k = v - -8. List the prime factors of k.
2, 3
Let c be 32/18 + (-4)/(-18). Suppose -5*u + 2*n = -34 + 117, -c*n - 22 = 2*u. Let s = u + 27. What are the prime factors of s?
2, 3
Suppose 5*u = 5*f, -5*u - f + 21 = 9. Let b(g) = 2*g**2 + 3*g + 2. Let y be b(-2). What are the prime factors of 1*y/u*10?
2, 5
Let i(a) = -a**2 + a + 1. Let c be i(-2). Let h(t) be the second derivative of -t**3/2 - t. What are the prime factors of h(c)?
3, 5
Let k = -19 - -49. What are the prime factors of k?
2, 3, 5
Suppose 313*t - 314*t + 112 = 0. List the prime factors of t.
2, 7
Suppose -5*g + 71 + 9 = 0. List the prime factors of g.
2
Let c(r) = 5*r**2 + 7*r + 4. Let z(d) = -4*d**2 - 6*d - 3. Let i(y) = -3*c(y) - 4*z(y). Let h be i(-3). Suppose h = 4*w - 0*w - 36. List the prime factors of w.
3
Let i be 90/2 + 3 + -1. Let k = i - 32. List the prime factors of k.
3, 5
Let r(i) = 2*i**2 + 5*i - 14. What are the prime factors of r(6)?
2, 11
Let j be ((-2)/3)/(14/63). Let a(k) = -k**3 - 3*k**2 - 4*k - 3. List the prime factors of a(j).
3
Let x be (-3)/(-2) - 10/(-4). Suppose 0 = n + n - x. Suppose -l + 39 = 3*c + 11, n*c + 5*l = -3. List the prime factors of c.
11
Suppose -3*h + 0*r = -4*r - 556, 0 = 5*h - 2*r - 922. What are the prime factors of h?
2, 23
Suppose -3*p - 2*i - 13 = 0, -p + 5 = -0*p + 3*i. Let d = 14 + p. List the prime factors of d.
7
Let b = 36 + 14. Suppose k - 4*k - b = -2*y, -2*y + 5*k = -42. List the prime factors of y.
31
Let h(w) = 2*w - 1. Let i be h(2). Suppose 5*f = 48 - i. Suppose -2*d + f = 1. What are the prime factors of d?
2
Let o be (1 + -1)*(-1 - 0). Suppose -3*g + 33 + 60 = o. What are the prime factors of g?
31
Suppose 0 = 3*b - 4*v - 296, -4*v = -10 + 30. List the prime factors of b.
2, 23
Suppose -3*y + y = 4. Let i be (3/(-3))/(y/(-4)). List the prime factors of i/(-3*2/15).
5
Let i = -24 + 10. What are the prime factors of (-108)/i + 4/14?
2
Suppose 7*x - 12*x + 766 = i, 0 = 3*x + i - 460. List the prime factors of x.
3, 17
Let f(k) = k**2 - 9*k. Let w be f(9). Suppose w = 3*j - 2*j - 4. Suppose 2*b - j - 6 = -4*u, -5*u = -4*b + 46. List the prime factors of b.
3
Let q(n) = -2*n**3 + 4*n**2 + 3*n - 5. Let v(y) = -y**3 + 2*y**2 + 2*y - 3. Let j(u) = -3*q(u) + 5*v(u). List the prime factors of j(2).
2
Let y(f) = f - 2. Let l be y(7). Suppose -9 = -l*a + 36. List the prime factors of a.
3
Let g(m) = -3 + 5 + 2*m - 1 - 2*m**3 + 0*m**3 - 2*m**2. List the prime factors of g(-3).
31
What are the prime factors of (4 + -2 - 7)/(-1)?
5
What are the prime factors of (-6)/(-27) + (-745)/(-9)?
83
Let g(z) = 20*z**3 - 2*z**2 - z. Let h be g(-1). Let r = -16 - h. What are the prime factors of r?
5
Let q be (-1)/1*-2 - -3. Let n = 20 - q. List the prime factors of -1 - n*(-4)/6.
3
Let r be 94/18 + 2/(-9). Suppose 4*s - 5*j + 38 = -2*j, 0 = -r*j + 10. Let o = s - -15. What are the prime factors of o?
7
Let o(k) = 2*k - 2. Let m be o(-4). Let w = -6 - 1. Let i = w - m. What are the prime factors of i?
3
Suppose 5*d = 4*d. Suppose -2 = -2*t + 2*b, 5*t - 4*b + 5*b - 11 = d. Suppose -u + a = -5, 2*u - u - 5 = t*a. List the prime factors of u.
5
Suppose -5*k + 337 = -4*c, 3*k + 5*c = 6*k - 210. Suppose d + 4*d - k = 0. List the prime factors of d.
13
Let c(m) = -5*m**3 - m**2 - 3*m + 2. List the prime factors of c(-2).
2, 11
Let o be 148/(-12) - 1/(-3). What are the prime factors of 4/o - 25/(-3)?
2
Let j(p) = -77*p + 23. List the prime factors of j(-3).
2, 127
Suppose 0 = -3*o + 176 + 127. What are the prime factors of o?
101
Let x(k) = 0*k + 2*k**2 + 3*k + 6 - 2 + 0*k**2. What are the prime factors of x(-3)?
13
Let j(h) = h - 9. Let c(z) = -z + 8. Let s(t) = -2*c(t) - 3*j(t). What are the prime factors of s(-12)?
23
Let m = -32 - -387. What are the prime factors of m?
5, 71
Let j(n) be the first derivative of -n**2 + n + 3. Let r be j(1). What are the prime factors of (16/10)/(r/(-5))?
2
Suppose 6*g - 4*g = 6. Let f be 3 + g/(-3) - -32. Suppose f = 4*i - 2. What are the prime factors of i?
3
Let i = -109 - -35. Let o = 44 + i. Let w = 43 + o. List the prime factors of w.
13
Suppose -3*o + 12 = 4*s, 0*s - 4*o + 16 = -3*s. Suppose -l = -s*l - 7. What are the prime factors of l?
7
Let k(a) = 30*a. List the prime factors of k(3).
2, 3, 5
Suppose -o - o + 10 = 0. Suppose -o*u + 70 = -y, -16 + 86 = 5*u + 4*y. List the prime factors of u.
2, 7
Let v = 18 + -12. Suppose 32 = 2*m + g + v, 13 = m - 4*g. List the prime factors of m.
13
Suppose 3*y - 218 = -y - 2*z, -3*z - 223 = -4*y. Suppose -6*f + y = -251. List the prime factors of f.
3, 17
Suppose 0 = 5*o - 14 + 4. List the prime factors of (4 + 0)*9/o.
2, 3
Suppose 63 = -4*t + 247. What are the prime factors of t/(-3)*9/(-6)?
23
Suppose 13 = -4*w + 1. Let y = w - -13. List the prime factors of y.
2, 5
Let a = 375 - 229. What are the prime factors of a?
2, 73
Suppose 2*z = -5*r - 105, 5*z + 110 = -3*r - 105. List the prime factors of 1 - (-1 - z)/(-3).
2, 7
Suppose -j = -7 - 0. Let i = 13 - j. List the prime factors of i.
2, 3
Suppose -2*i + 9 = -5*y - 21, 3*i + 24 = -4*y. Let g be 24/(-10)*20/(-3). Let h = g + y. List the prime factors of h.
2, 5
Let q be (-36)/15 - 2/(-5). Let y be (-1)/((-2)/8) + q. Let c = y + 2. List the prime factors of c.
2
Let r = -85 - -149. List the prime factors of r.
2
Let j(q) be the second derivative of q**3/6 - 11*q**2/2 - 2*q. Let a be j(7). List the prime factors of 30/a*8/(-10).
2, 3
Let f(y) be the third derivative of y**5/60 + y**4/12 + 5*y**3/6 + y**2. List the prime factors of f(-4).
13
Suppose 14 + 2 = -4*u. Let g = 1 - u. Suppose 5*z + g*l - 30 = 0, -l - 2